123404
What is -303571 (base 9) in base 14?
-49751
Convert -38a0b (base 13) to base 9.
-168872
344032 (base 7) to base 5
3431140
-122321202 (base 4) to base 3
-12121010200
-4433525 (base 10) to base 7
-52453505
What is 345385 (base 11) in base 10?
548828
Convert -335081 (base 15) to base 11.
-1421512
-175030 (base 9) to base 12
-52a60
101022122200 (base 3) to base 15
402c9
Convert -1649806 (base 11) to base 13.
-774976
223170 (base 9) to base 5
13233201
What is -2007402 (base 10) in base 15?
-299bbc
Convert db4511 (base 14) to base 2.
11100010101000011010011
What is -1111101111001000010101 (base 2) in base 5?
-2024001310
What is -4211410232 (base 5) in base 7?
-133645310
What is -11011110110000101011 (base 2) in base 11?
-57357a
-15265 (base 7) to base 13
-1c2a
123011321 (base 4) to base 8
330571
Convert 1120121110020 (base 3) to base 12.
345420
Convert 214752 (base 8) to base 4.
101213222
What is -6100074 (base 8) in base 4?
-12020000330
What is 3312512 (base 7) in base 8?
1432265
What is -5104525 (base 9) in base 6?
-134142422
Convert 4251301 (base 6) to base 15.
41dc1
What is 2111210331 (base 4) in base 16?
9593d
What is 646580b (base 12) in base 9?
38747402
73033 (base 12) to base 16
24b67
757262 (base 8) to base 7
2104261
-1201033203 (base 4) to base 14
-a5227
145b1 (base 15) to base 13
23a10
4e860 (base 15) to base 10
251640
2212221102101 (base 3) to base 16
1768ab
What is 541055 (base 8) in base 3?
100011222121
-314304120 (base 6) to base 9
-11357223
-14011034 (base 5) to base 14
-39758
-10000111001110110 (base 2) to base 8
-207166
Convert -110100010020201 (base 3) to base 13.
-148758a
Convert 3bba6 (base 16) to base 6.
5124342
Convert -44b25b (base 12) to base 7.
-12221054
What is 3312230320 (base 4) in base 2?
11110110101100111000
-414236 (base 7) to base 9
-117508
What is 52120331 (base 6) in base 15?
1ea727
Convert 1101000011100101101 (base 2) to base 3.
210201212020
What is 12340440 (base 9) in base 4?
113010331002
Convert -220054002 (base 6) to base 8.
-16764662
Convert 20122333 (base 4) to base 16.
86bf
What is 10000111011001000001 (base 2) in base 16?
87641
Convert -30320010133 (base 4) to base 8.
-14700437
Convert 170097 (base 12) to base 4.
1200031303
Convert -1526703 (base 9) to base 12.
-348a40
Convert -1b851a (base 12) to base 7.
-4114633
Convert 5389954 (base 10) to base 5.
2334434304
What is 716a5 (base 14) in base 3?
111212110021
Convert -8987 (base 16) to base 11.
-244a7
1111202200 (base 4) to base 12
14a914
What is 3d477 (base 15) in base 8?
600232
-1111001011000101011 (base 2) to base 3
-221021000122
42a82 (base 11) to base 4
33100332
Convert 1fb0 (base 16) to base 14.
2d56
-200101002 (base 4) to base 10
-132162
-10343140414 (base 5) to base 12
-3950a41
Convert -3230646 (base 9) to base 12.
-6b6820
11e857 (base 15) to base 2
11010001101111111100
What is 1002201201011 (base 3) in base 4?
2032313113
What is 424251 (base 9) in base 12?
10210a
987318 (base 13) to base 2
1101101011011111110000
What is 20000221 (base 4) in base 10?
32809
Convert -30000323202 (base 4) to base 15.
-4232e3
What is -11de49 (base 15) in base 12?
-354006
What is 222112201 (base 4) in base 9?
283857
Convert 102110010202 (base 3) to base 2.
110111000001010010
What is 1ab89 (base 16) in base 12?
53409
What is -4041045 (base 7) in base 2?
-1110101010101000000
-21395 (base 12) to base 2
-1010101011100001
Convert -61252 (base 12) to base 15.
-2772e
Convert -11110022000 (base 3) to base 13.
-30bbb
Convert 403020 (base 6) to base 7.
161415
-a1aa1 (base 15) to base 12
-20838a
Convert 10405456 (base 7) to base 9.
1610524
What is 203515 (base 12) in base 11?
314395
What is 11211002312 (base 4) in base 5?
333244304
ac647 (base 13) to base 7
2442450
-1121013323 (base 4) to base 14
-97071
140040111 (base 5) to base 9
1284872
110000011101101101 (base 2) to base 7
1454513
Convert 4143224 (base 6) to base 11.
12755a
What is 53665 (base 11) in base 7?
443251
Convert -1253204 (base 6) to base 9.
-115184
Convert -618197 (base 14) to base 7.
-36641650
What is -124354261 (base 7) in base 10?
-7946422
3262468 (base 9) to base 6
101330355
Convert 111111111111010 (base 2) to base 15.
9a92
41712 (base 9) to base 5
1340201
What is 1a7a8 (base 15) in base 5?
10223413
Convert 12132033100 (base 4) to base 12.
699a94
Convert -130323 (base 12) to base 10.
-311499
Convert 23d1c (base 14) to base 11.
5a931
Convert -4086 (base 13) to base 4.
-2023002
13220320 (base 4) to base 10
31288
What is -1325947 (base 12) in base 3?
-21010020121001
-111011000010100010 (base 2) to base 9
-407645
What is -2930030 (base 10) in base 11?
-1721414
Convert -1421152 (base 10) to base 2.
-101011010111101100000
Convert -b3a19e (base 15) to base 11.
-4902630
16406431 (base 7) to base 10
1598941
-237643 (base 11) to base 7
-3124355
What is 2284a3 (base 14) in base 3?
2012201021211
-101000111110110110 (base 2) to base 3
-22112021010
What is 626044 (base 7) in base 5?
11421414
What is 100110101011011000101 (base 2) in base 6?
43055325
What is -30036564 (base 7) in base 13?
-68ab82
-8744603 (base 11) to base 13
-324c4c9
Convert -5898a5a (base 11) to base 3.
-201100210002121
-8474231 (base 9) to base 16
-4539b5
Convert -31111211 (base 4) to base 2.
-1101010101100101
100102010001210 (base 3) to base 2
10011000101000111110101
-1100010000011010 (base 2) to base 15
-ed1c
204124204 (base 5) to base 7
10133166
What is 11101100001101010100 (base 2) in base 5?
221430013
-102220303 (base 5) to base 10
-429453
Convert 31142104 (base 5) to base 8.
763640
-110010010011110010001 (base 2) to base 4
-12102132101
What is 1010001010111101000 (base 2) in base 4?
1101113220
154200405 (base 6) to base 5
1320002441
What is 101101000101110110010 (base 2) in base 9?
2701736
What is 6504251 (base 10) in base 8?
30637473
Convert 106415524 (base 7) to base 9.
13271314
Convert -1100100111001111 (base 2) to base 16.
-c9cf
What is 1100001011011110010011 (base 2) in base 3?
20000012121000
Convert -1a3dcb (base 14) to base 3.
-1202101202110
What is -93810 (base 12) in base 14?
-5047a
Convert 31321000331 (base 4) to base 10.
3641405
-23212422 (base 5) to base 15
-424e2
12111211201 (base 3) to base 4
122133121
1c4c89 (base 13) to base 3
1100211110011
20101 (base 13) to base 11
3a054
Convert -a5269 (base 13) to base 5.
-34001040
3413411 (base 5) to base 2
1110110001000001
What is -101101110011000010011001 (base 2) in base 14?
-184729b
What is 12977b8 (base 12) in base 9?
6833745
Convert -10201200202222 (base 3) to base 13.
-545198
-31154147 (base 8) to base 12
-226879b
What is -101122121210 (base 3) in base 5?
-23202201
What is 4113245 (base 6) in base 12?
95825
Convert -17244f (base 16) to base 4.
-11302101033
Convert -243403 (base 9) to base 12.
-70ba0
Convert 3a833 (base 12) to base 10.
80679
Convert -a6122 (base 11) to base 10.
-154541
431e2 (base 15) to base 10
213062
54106525 (base 7) to base 5
2134414230
Convert 1200102111 (base 3) to base 6.
413151
51a592 (base 12) to base 4
10321032332
What is 82554 (base 10) in base 6?
1434110
3112104040 (base 5) to base 6
344214232
-2571a2 (base 11) to base 9
-676321
What is -22336513 (base 7) in base 4?
-13122030301
Convert 305511 (base 7) to base 4.
30302211
-7555086 (base 9) to base 14
-7768a8
-224a7 (base 13) to base 14
-18a01
What is -301022021 (base 5) in base 4?
-10202102103
-21470 (base 11) to base 6
-400154
116034 (base 9) to base 10
70015
Convert 43964 (base 12) to base 5.
10331000
Convert -229a74 (base 13) to base 2.
-11001000100000010010
What is 111111000011011111011 (base 2) in base 4?
13320123323
Convert 211b157 (base 12) to base 2.
10111111000100000010011
11200102002 (base 3) to base 11
63266
Convert -a7ad08 (base 15) to base 13.
-1867550
What is 2041003330 (base 5) in base 4?
100021321120
What is 4872a (base 16) in base 15?
5cdd1
140141 (base 6) to base 16
32dd
What is 122212222022 (base 3) in base 8?
1257530
-17a06 (base 14) to base 4
-32203012
Convert -371142 (base 9) to base 13.
-7abca
What is 7c1c43 (base 14) in base 11?
242a827
What is 3a128 (base 11) in base 16?
e028
Convert 10953 (base 13) to base 4.
13113012
5041737 (base 9) to base 10
2684779
What is 766676 (base 9) in base 12?
1a0a06
What is 118cb (base 15) in base 6?
1111115
Convert b538ca (base 14) to base 7.
1030